{"id":1246,"date":"2023-12-13T17:13:39","date_gmt":"2023-12-13T16:13:39","guid":{"rendered":"https:\/\/viager20.fr\/?page_id=1246"},"modified":"2025-12-18T19:17:49","modified_gmt":"2025-12-18T17:17:49","slug":"valoriser-structures-viageres-varies","status":"publish","type":"page","link":"https:\/\/viager20.com\/index.php\/valoriser-structures-viageres-varies\/","title":{"rendered":"Structures viag\u00e8res"},"content":{"rendered":"\n<p class=\"has-text-align-center has-text-color has-background has-link-color wp-elements-cd12777bdf4fbb02e88e154a59b2e763\" style=\"color:#218ecc;background-color:#cecece;font-size:16px;font-style:italic;font-weight:200\"><strong><em>Viager 2.0<\/em> valorise diff\u00e9rents types de viagers (viagers libres ou occup\u00e9s, ventes \u00e0 terme, <\/strong><span style=\"box-sizing:border-box;margin:0;padding:0;text-align:left\"><strong>etc<\/strong><\/span><strong>.) avec des param\u00e8tres ajustables<\/strong><\/p>\n\n\n\n<p class=\"has-text-align-left has-black-color has-white-background-color has-text-color has-background has-link-color wp-elements-3ed315ff4738043e07bf1b2bed438b9e\" style=\"font-size:14px\"><\/p>\n\n\n\n<p class=\"has-black-color has-text-color has-link-color wp-elements-28b4b6bf7e9ec347e54cd790ec5156e1\">Pour <strong>adapter le viager aux besoins du cr\u00e9direntier et du d\u00e9birentier<\/strong>, les param\u00e8tres de ces viagers sont ajustables . Ainsi, pour un couple de cr\u00e9direntiers, on peut ajuster la rente au d\u00e9c\u00e8s du premier conjoint (curseur &#8220;Reversion&#8221;). Dans les <strong>viagers mixtes<\/strong>, l&#8217;usufruit s&#8217;interrompt aussi \u00e0 cette date.<\/p>\n\n\n\n<p class=\"has-black-color has-text-color has-link-color wp-elements-549beeffdf34c4952f6a62eb73ed2a09\">On peut aussi reporter le paiement de la premi\u00e8re rente de plusieurs mois ou plusieurs ann\u00e9es. Ce report permet de <a style=\"color: #218ecc\" href=\"https:\/\/viager20.com\/index.php\/2025\/12\/08\/optimiser-la-fiscalite-sur-les-rentes-viageres\/\">r\u00e9duire la fiscalit\u00e9<\/a> sur cette rente pour des sexag\u00e9naires (curseur &#8220;Report de la rente, en mois&#8221;).<\/p>\n\n\n<div class=\"wp-block-image\">\n<figure class=\"aligncenter size-full is-resized\" id=\"wp-block-themeisle-blocks-image-ebc4212b\"><img decoding=\"async\" width=\"1231\" height=\"568\" src=\"https:\/\/viager20.com\/wordpress\/wp-content\/uploads\/2025\/12\/Screenshot-valorisation.jpg\" alt=\"\" class=\"wp-image-3824\" style=\"aspect-ratio:2.1673049788349124;width:748px;height:auto\" srcset=\"https:\/\/viager20.com\/wordpress\/wp-content\/uploads\/2025\/12\/Screenshot-valorisation.jpg 1231w, https:\/\/viager20.com\/wordpress\/wp-content\/uploads\/2025\/12\/Screenshot-valorisation-300x138.jpg 300w, https:\/\/viager20.com\/wordpress\/wp-content\/uploads\/2025\/12\/Screenshot-valorisation-1024x472.jpg 1024w, https:\/\/viager20.com\/wordpress\/wp-content\/uploads\/2025\/12\/Screenshot-valorisation-768x354.jpg 768w\" sizes=\"(max-width: 1231px) 100vw, 1231px\" \/><\/figure>\n<\/div>\n\n\n<p class=\"has-black-color has-text-color has-link-color wp-elements-c1df310f83282b1fc3d1bfb5be651a06\">Dans cet exemple, avec un bouquet de 50 000 \u20ac, l&#8217;\u00e9poux survivant conserve l&#8217;usufruit du bien et une rente inchang\u00e9e. Une rente mensuelle de 790.50 \u20ac \u00e9galise alors le co\u00fbt d&#8217;acquisition probable et la valeur du bien. Le viager est donc \u00e0 son juste prix.<\/p>\n\n\n<div class=\"wp-block-image\">\n<figure class=\"aligncenter size-full is-resized\"><img decoding=\"async\" width=\"1229\" height=\"217\" src=\"https:\/\/viager20.com\/wordpress\/wp-content\/uploads\/2025\/12\/Screenshot-valorisation-bis.jpg\" alt=\"\" class=\"wp-image-3826\" style=\"width:900px;height:auto\" srcset=\"https:\/\/viager20.com\/wordpress\/wp-content\/uploads\/2025\/12\/Screenshot-valorisation-bis.jpg 1229w, https:\/\/viager20.com\/wordpress\/wp-content\/uploads\/2025\/12\/Screenshot-valorisation-bis-300x53.jpg 300w, https:\/\/viager20.com\/wordpress\/wp-content\/uploads\/2025\/12\/Screenshot-valorisation-bis-1024x181.jpg 1024w, https:\/\/viager20.com\/wordpress\/wp-content\/uploads\/2025\/12\/Screenshot-valorisation-bis-768x136.jpg 768w\" sizes=\"(max-width: 1229px) 100vw, 1229px\" \/><\/figure>\n<\/div>\n\n\n<div style=\"height:18px\" aria-hidden=\"true\" class=\"wp-block-spacer\"><\/div>\n\n\n\n<p class=\"has-black-color has-text-color has-link-color wp-elements-f041734d61ec9884643af370eeeebbc8\">Si le d\u00e9birentier et le cr\u00e9direntier ont des int\u00e9r\u00eats oppos\u00e9s sur les conditions financi\u00e8res, d&#8217;autres aspects du viager suscitent moins de conflits. Par exemple, un couple de cr\u00e9direntiers peut privil\u00e9gier une rente plus \u00e9lev\u00e9e avant le d\u00e9c\u00e8s du premier conjoint. Si le d\u00e9birentier peut se permettre d&#8217;effectuer des versements initiaux plus importants, il b\u00e9n\u00e9ficie alors de versements futurs plus limit\u00e9s et moins incertains. C&#8217;est aussi \u00e0 son avantage.<\/p>\n\n\n\n<p class=\"has-black-color has-text-color has-link-color wp-elements-d59cd3fe1ee5966a3e29408656a68e99\">Il est donc int\u00e9ressant d&#8217;explorer et de valoriser diff\u00e9rentes formes de viager. Cela permet de mieux r\u00e9pondre aux attentes du d\u00e9birentier et du cr\u00e9direntier, tout en garantissant <strong>la coh\u00e9rence des valorisations<\/strong>. En effet, toutes les valorisations \u00e9quitables respectent la <strong>relation fondamentale <\/strong>suivante :<\/p>\n\n\n\n<p class=\"has-text-align-center has-text-color has-background has-link-color wp-elements-709acc8640359f9d8d175598d8e7bf25\" style=\"color:#218ecc;background-color:#cecece;font-size:16px;font-style:italic;font-weight:600\">Co\u00fbt d&#8217;acquisition probable   =   Bouquet   +   Valeur de l&#8217;usufruit   +   Valeur de la rente = Valeur v\u00e9nale du bien<\/p>\n\n\n\n<div class=\"wp-block-media-text is-stacked-on-mobile\" style=\"grid-template-columns:67% auto\"><figure class=\"wp-block-media-text__media\"><img decoding=\"async\" width=\"811\" height=\"328\" src=\"https:\/\/viager20.com\/wordpress\/wp-content\/uploads\/2025\/12\/Screenshot_structures_viageres.jpeg\" alt=\"\" class=\"wp-image-3830 size-full\" srcset=\"https:\/\/viager20.com\/wordpress\/wp-content\/uploads\/2025\/12\/Screenshot_structures_viageres.jpeg 811w, https:\/\/viager20.com\/wordpress\/wp-content\/uploads\/2025\/12\/Screenshot_structures_viageres-300x121.jpeg 300w, https:\/\/viager20.com\/wordpress\/wp-content\/uploads\/2025\/12\/Screenshot_structures_viageres-768x311.jpeg 768w\" sizes=\"(max-width: 811px) 100vw, 811px\" \/><\/figure><div class=\"wp-block-media-text__content\">\n<p class=\"has-black-color has-text-color has-link-color wp-elements-1b80c1449984cbae79fc83392cb800ec\">Cette Table r\u00e9sume la rente obtenue pour diff\u00e9rentes formes de viager, \u00e0 autres conditions (taux d&#8217;int\u00e9r\u00eat, revenu locatif, etc.) inchang\u00e9es.<\/p>\n\n\n\n<p><\/p>\n<\/div><\/div>\n\n\n\n<div style=\"height:10px\" aria-hidden=\"true\" class=\"wp-block-spacer\"><\/div>\n\n\n\n<p class=\"has-black-color has-text-color has-link-color wp-elements-67b78fefcbbf8ad4773babb315991fe4\" style=\"font-size:14px\"><strong><em>Viager 2<\/em><\/strong> estime aussi le co\u00fbt d\u2019acquisition probable, \u00e0 bouquet et rente donn\u00e9s, par exemple pour <strong>analyser une annonce immobili\u00e8re<\/strong>. En fait, on constate que beaucoup d&#8217;annonces ne respectent pas la <strong>relation fondamentale<\/strong>. \u00c0 cela deux raisons principales. D&#8217;une part, certains viag\u00e9ristes se contentent de transcrire dans l&#8217;annonce les souhaits du vendeur. Si celui-ci aspire \u00e0 une rente trop \u00e9lev\u00e9e &#8230; D&#8217;autre part, beaucoup de viag\u00e9ristes utilisent des bar\u00e8mes avec des hypoth\u00e8ses discutables ou mal ajust\u00e9es. Ainsi, si un bien tarde \u00e0 \u00eatre vendu en viager, il faudra augmenter la rente avec l&#8217;\u00e2ge du vendeur.<\/p>\n\n\n\n<p class=\"has-black-color has-text-color has-link-color wp-elements-ef2699adf57ec233010950f7f0bfd117\" style=\"font-size:14px\">On peut proc\u00e9der \u00e0 plusieurs essais pour \u00e9valuer les diff\u00e9rentes formules de viager. Une fois la structure ad\u00e9quate s\u00e9lectionn\u00e9e et valoris\u00e9e, cliquez sur le bouton \u00ab<strong> CONFIRMEZ VOTRE CHOIX !<\/strong> \u00bb pour valider.<\/p>\n\n\n\n<p class=\"has-text-align-center has-text-color has-background has-link-color wp-elements-b69dddc7c1ec374a9932e6807ba0afc1\" style=\"color:#218ecc;background-color:#cecece;font-size:16px;font-style:italic;font-weight:600\">L&#8217;\u00e9cran suivant fournit une synth\u00e8se de la transaction et lance l&#8217;analyse <span style=\"box-sizing:border-box;margin:0;padding:0;text-align:left\">des<a href=\"https:\/\/viager20.com\/index.php\/risques-financiers\/\" target=\"_blank\">&nbsp;risques<\/a><\/span><a href=\"https:\/\/viager20.com\/index.php\/risques-financiers\/\"> financiers<\/a>.<\/p>\n\n\n\n<p class=\"has-text-align-center has-black-color has-white-background-color has-text-color has-background has-link-color wp-elements-279fb0714442c41977d64177f133f996\" style=\"font-size:14px\">Ce calcul de risque est malheureusement long et peut prendre jusqu&#8217;\u00e0 2 ou 3 minutes. Son r\u00e9sultat est envoy\u00e9 \u00e0 l&#8217;<strong>adresse e-mail<\/strong> indiqu\u00e9e au d\u00e9but de la valorisation.<\/p>\n\n\n\n<p><\/p>\n","protected":false},"excerpt":{"rendered":"<p>Viager 2.0 valorise diff\u00e9rents types de viagers (viagers libres ou occup\u00e9s, ventes \u00e0 terme, etc.) avec des param\u00e8tres ajustables Pour adapter le viager aux besoins du cr\u00e9direntier et du d\u00e9birentier, &#8230;<\/p>\n","protected":false},"author":1,"featured_media":0,"parent":0,"menu_order":0,"comment_status":"closed","ping_status":"closed","template":"template-fullwidth.php","meta":{"footnotes":""},"class_list":["post-1246","page","type-page","status-publish","hentry"],"yoast_head":"<!-- This site is optimized with the Yoast SEO plugin v27.5 - https:\/\/yoast.com\/product\/yoast-seo-wordpress\/ -->\n<title>Viager 2.0 : valoriser des structures vari\u00e9es<\/title>\n<meta name=\"description\" content=\"Viager 2.0 permet de valoriser des structures viag\u00e8res vari\u00e9es, en ajustant leurs param\u00e8tres pour mieux concilier les int\u00e9r\u00eats des parties.\" \/>\n<meta name=\"robots\" content=\"index, follow, max-snippet:-1, max-image-preview:large, max-video-preview:-1\" \/>\n<link rel=\"canonical\" href=\"https:\/\/viager20.com\/index.php\/valoriser-structures-viageres-varies\/\" \/>\n<meta property=\"og:locale\" content=\"fr_FR\" \/>\n<meta property=\"og:type\" content=\"article\" \/>\n<meta property=\"og:title\" content=\"Viager 2.0 : valoriser des structures vari\u00e9es\" \/>\n<meta property=\"og:description\" content=\"Viager 2.0 permet de valoriser des structures viag\u00e8res vari\u00e9es, en ajustant leurs param\u00e8tres pour mieux concilier les int\u00e9r\u00eats des parties.\" \/>\n<meta property=\"og:url\" content=\"https:\/\/viager20.com\/index.php\/valoriser-structures-viageres-varies\/\" \/>\n<meta property=\"og:site_name\" content=\"Viager 2.0\" \/>\n<meta property=\"article:modified_time\" content=\"2025-12-18T17:17:49+00:00\" \/>\n<meta property=\"og:image\" content=\"https:\/\/viager20.com\/wordpress\/wp-content\/uploads\/2025\/12\/Screenshot-valorisation.jpg\" \/>\n\t<meta property=\"og:image:width\" content=\"1231\" \/>\n\t<meta property=\"og:image:height\" content=\"568\" \/>\n\t<meta property=\"og:image:type\" content=\"image\/jpeg\" \/>\n<meta name=\"twitter:card\" content=\"summary_large_image\" \/>\n<meta name=\"twitter:label1\" content=\"Dur\u00e9e de lecture estim\u00e9e\" \/>\n\t<meta name=\"twitter:data1\" content=\"3 minutes\" \/>\n<script type=\"application\/ld+json\" class=\"yoast-schema-graph\">{\"@context\":\"https:\\\/\\\/schema.org\",\"@graph\":[{\"@type\":\"WebPage\",\"@id\":\"https:\\\/\\\/viager20.com\\\/index.php\\\/valoriser-structures-viageres-varies\\\/\",\"url\":\"https:\\\/\\\/viager20.com\\\/index.php\\\/valoriser-structures-viageres-varies\\\/\",\"name\":\"Viager 2.0 : valoriser des structures vari\u00e9es\",\"isPartOf\":{\"@id\":\"https:\\\/\\\/viager20.com\\\/#website\"},\"primaryImageOfPage\":{\"@id\":\"https:\\\/\\\/viager20.com\\\/index.php\\\/valoriser-structures-viageres-varies\\\/#primaryimage\"},\"image\":{\"@id\":\"https:\\\/\\\/viager20.com\\\/index.php\\\/valoriser-structures-viageres-varies\\\/#primaryimage\"},\"thumbnailUrl\":\"https:\\\/\\\/viager20.com\\\/wordpress\\\/wp-content\\\/uploads\\\/2025\\\/12\\\/Screenshot-valorisation.jpg\",\"datePublished\":\"2023-12-13T16:13:39+00:00\",\"dateModified\":\"2025-12-18T17:17:49+00:00\",\"description\":\"Viager 2.0 permet de valoriser des structures viag\u00e8res vari\u00e9es, en ajustant leurs param\u00e8tres pour mieux concilier les int\u00e9r\u00eats des parties.\",\"breadcrumb\":{\"@id\":\"https:\\\/\\\/viager20.com\\\/index.php\\\/valoriser-structures-viageres-varies\\\/#breadcrumb\"},\"inLanguage\":\"fr-FR\",\"potentialAction\":[{\"@type\":\"ReadAction\",\"target\":[\"https:\\\/\\\/viager20.com\\\/index.php\\\/valoriser-structures-viageres-varies\\\/\"]}]},{\"@type\":\"ImageObject\",\"inLanguage\":\"fr-FR\",\"@id\":\"https:\\\/\\\/viager20.com\\\/index.php\\\/valoriser-structures-viageres-varies\\\/#primaryimage\",\"url\":\"https:\\\/\\\/viager20.com\\\/wordpress\\\/wp-content\\\/uploads\\\/2025\\\/12\\\/Screenshot-valorisation.jpg\",\"contentUrl\":\"https:\\\/\\\/viager20.com\\\/wordpress\\\/wp-content\\\/uploads\\\/2025\\\/12\\\/Screenshot-valorisation.jpg\",\"width\":1231,\"height\":568},{\"@type\":\"BreadcrumbList\",\"@id\":\"https:\\\/\\\/viager20.com\\\/index.php\\\/valoriser-structures-viageres-varies\\\/#breadcrumb\",\"itemListElement\":[{\"@type\":\"ListItem\",\"position\":1,\"name\":\"Accueil\",\"item\":\"https:\\\/\\\/viager20.com\\\/\"},{\"@type\":\"ListItem\",\"position\":2,\"name\":\"Structures viag\u00e8res\"}]},{\"@type\":\"WebSite\",\"@id\":\"https:\\\/\\\/viager20.com\\\/#website\",\"url\":\"https:\\\/\\\/viager20.com\\\/\",\"name\":\"Viager 2.0\",\"description\":\"Le viager (plus) facile !\",\"publisher\":{\"@id\":\"https:\\\/\\\/viager20.com\\\/#organization\"},\"potentialAction\":[{\"@type\":\"SearchAction\",\"target\":{\"@type\":\"EntryPoint\",\"urlTemplate\":\"https:\\\/\\\/viager20.com\\\/?s={search_term_string}\"},\"query-input\":{\"@type\":\"PropertyValueSpecification\",\"valueRequired\":true,\"valueName\":\"search_term_string\"}}],\"inLanguage\":\"fr-FR\"},{\"@type\":\"Organization\",\"@id\":\"https:\\\/\\\/viager20.com\\\/#organization\",\"name\":\"Viager 2.0\",\"url\":\"https:\\\/\\\/viager20.com\\\/\",\"logo\":{\"@type\":\"ImageObject\",\"inLanguage\":\"fr-FR\",\"@id\":\"https:\\\/\\\/viager20.com\\\/#\\\/schema\\\/logo\\\/image\\\/\",\"url\":\"https:\\\/\\\/viager20.com\\\/wordpress\\\/wp-content\\\/uploads\\\/2024\\\/11\\\/LogoViager20a.jpg\",\"contentUrl\":\"https:\\\/\\\/viager20.com\\\/wordpress\\\/wp-content\\\/uploads\\\/2024\\\/11\\\/LogoViager20a.jpg\",\"width\":972,\"height\":302,\"caption\":\"Viager 2.0\"},\"image\":{\"@id\":\"https:\\\/\\\/viager20.com\\\/#\\\/schema\\\/logo\\\/image\\\/\"}}]}<\/script>\n<!-- \/ Yoast SEO plugin. -->","yoast_head_json":{"title":"Viager 2.0 : valoriser des structures vari\u00e9es","description":"Viager 2.0 permet de valoriser des structures viag\u00e8res vari\u00e9es, en ajustant leurs param\u00e8tres pour mieux concilier les int\u00e9r\u00eats des parties.","robots":{"index":"index","follow":"follow","max-snippet":"max-snippet:-1","max-image-preview":"max-image-preview:large","max-video-preview":"max-video-preview:-1"},"canonical":"https:\/\/viager20.com\/index.php\/valoriser-structures-viageres-varies\/","og_locale":"fr_FR","og_type":"article","og_title":"Viager 2.0 : valoriser des structures vari\u00e9es","og_description":"Viager 2.0 permet de valoriser des structures viag\u00e8res vari\u00e9es, en ajustant leurs param\u00e8tres pour mieux concilier les int\u00e9r\u00eats des parties.","og_url":"https:\/\/viager20.com\/index.php\/valoriser-structures-viageres-varies\/","og_site_name":"Viager 2.0","article_modified_time":"2025-12-18T17:17:49+00:00","og_image":[{"width":1231,"height":568,"url":"https:\/\/viager20.com\/wordpress\/wp-content\/uploads\/2025\/12\/Screenshot-valorisation.jpg","type":"image\/jpeg"}],"twitter_card":"summary_large_image","twitter_misc":{"Dur\u00e9e de lecture estim\u00e9e":"3 minutes"},"schema":{"@context":"https:\/\/schema.org","@graph":[{"@type":"WebPage","@id":"https:\/\/viager20.com\/index.php\/valoriser-structures-viageres-varies\/","url":"https:\/\/viager20.com\/index.php\/valoriser-structures-viageres-varies\/","name":"Viager 2.0 : valoriser des structures vari\u00e9es","isPartOf":{"@id":"https:\/\/viager20.com\/#website"},"primaryImageOfPage":{"@id":"https:\/\/viager20.com\/index.php\/valoriser-structures-viageres-varies\/#primaryimage"},"image":{"@id":"https:\/\/viager20.com\/index.php\/valoriser-structures-viageres-varies\/#primaryimage"},"thumbnailUrl":"https:\/\/viager20.com\/wordpress\/wp-content\/uploads\/2025\/12\/Screenshot-valorisation.jpg","datePublished":"2023-12-13T16:13:39+00:00","dateModified":"2025-12-18T17:17:49+00:00","description":"Viager 2.0 permet de valoriser des structures viag\u00e8res vari\u00e9es, en ajustant leurs param\u00e8tres pour mieux concilier les int\u00e9r\u00eats des parties.","breadcrumb":{"@id":"https:\/\/viager20.com\/index.php\/valoriser-structures-viageres-varies\/#breadcrumb"},"inLanguage":"fr-FR","potentialAction":[{"@type":"ReadAction","target":["https:\/\/viager20.com\/index.php\/valoriser-structures-viageres-varies\/"]}]},{"@type":"ImageObject","inLanguage":"fr-FR","@id":"https:\/\/viager20.com\/index.php\/valoriser-structures-viageres-varies\/#primaryimage","url":"https:\/\/viager20.com\/wordpress\/wp-content\/uploads\/2025\/12\/Screenshot-valorisation.jpg","contentUrl":"https:\/\/viager20.com\/wordpress\/wp-content\/uploads\/2025\/12\/Screenshot-valorisation.jpg","width":1231,"height":568},{"@type":"BreadcrumbList","@id":"https:\/\/viager20.com\/index.php\/valoriser-structures-viageres-varies\/#breadcrumb","itemListElement":[{"@type":"ListItem","position":1,"name":"Accueil","item":"https:\/\/viager20.com\/"},{"@type":"ListItem","position":2,"name":"Structures viag\u00e8res"}]},{"@type":"WebSite","@id":"https:\/\/viager20.com\/#website","url":"https:\/\/viager20.com\/","name":"Viager 2.0","description":"Le viager (plus) facile !","publisher":{"@id":"https:\/\/viager20.com\/#organization"},"potentialAction":[{"@type":"SearchAction","target":{"@type":"EntryPoint","urlTemplate":"https:\/\/viager20.com\/?s={search_term_string}"},"query-input":{"@type":"PropertyValueSpecification","valueRequired":true,"valueName":"search_term_string"}}],"inLanguage":"fr-FR"},{"@type":"Organization","@id":"https:\/\/viager20.com\/#organization","name":"Viager 2.0","url":"https:\/\/viager20.com\/","logo":{"@type":"ImageObject","inLanguage":"fr-FR","@id":"https:\/\/viager20.com\/#\/schema\/logo\/image\/","url":"https:\/\/viager20.com\/wordpress\/wp-content\/uploads\/2024\/11\/LogoViager20a.jpg","contentUrl":"https:\/\/viager20.com\/wordpress\/wp-content\/uploads\/2024\/11\/LogoViager20a.jpg","width":972,"height":302,"caption":"Viager 2.0"},"image":{"@id":"https:\/\/viager20.com\/#\/schema\/logo\/image\/"}}]}},"_links":{"self":[{"href":"https:\/\/viager20.com\/index.php\/wp-json\/wp\/v2\/pages\/1246","targetHints":{"allow":["GET"]}}],"collection":[{"href":"https:\/\/viager20.com\/index.php\/wp-json\/wp\/v2\/pages"}],"about":[{"href":"https:\/\/viager20.com\/index.php\/wp-json\/wp\/v2\/types\/page"}],"author":[{"embeddable":true,"href":"https:\/\/viager20.com\/index.php\/wp-json\/wp\/v2\/users\/1"}],"replies":[{"embeddable":true,"href":"https:\/\/viager20.com\/index.php\/wp-json\/wp\/v2\/comments?post=1246"}],"version-history":[{"count":69,"href":"https:\/\/viager20.com\/index.php\/wp-json\/wp\/v2\/pages\/1246\/revisions"}],"predecessor-version":[{"id":3834,"href":"https:\/\/viager20.com\/index.php\/wp-json\/wp\/v2\/pages\/1246\/revisions\/3834"}],"wp:attachment":[{"href":"https:\/\/viager20.com\/index.php\/wp-json\/wp\/v2\/media?parent=1246"}],"curies":[{"name":"wp","href":"https:\/\/api.w.org\/{rel}","templated":true}]}}