{"id":1401,"date":"2023-06-09T17:22:15","date_gmt":"2023-06-09T15:22:15","guid":{"rendered":"https:\/\/viager20.fr\/?page_id=46"},"modified":"2025-12-18T17:27:57","modified_gmt":"2025-12-18T15:27:57","slug":"un-exemple-de-valorisation-de-viager","status":"publish","type":"page","link":"https:\/\/viager20.com\/index.php\/un-exemple-de-valorisation-de-viager\/","title":{"rendered":"Un exemple"},"content":{"rendered":"\n<p class=\"has-black-color has-text-color has-link-color wp-elements-e68451eeafd78a8716d9c55d24ed42da\">On d\u00e9crit la valorisation d&#8217;un viager \u00e0 partir d&#8217;un exemple, d\u00e9taill\u00e9 dans le <a style=\"color:#218ecc\" href=\"https:\/\/viager20.com\/wordpress\/wp-content\/uploads\/2024\/11\/NoticeViager_vf.pdf\" target=\"_blank\" rel=\"noreferrer noopener\"><strong>Manuel d&#8217;Utilisation<\/strong><\/a>.<\/p>\n\n\n\n<p class=\"has-text-color has-background has-link-color wp-elements-39d134295e2a40aca0730c618e31a983\" style=\"color:#218ecc;background-color:#cecece;font-size:14px;font-style:italic;font-weight:600\">Un couple (H : 73 ans, F : 71 ans) vend en viager un bien d&#8217;une valeur de 500 000 \u20ac, avec un bouquet de 50 000 \u20ac et usufruit jusqu\u2019au d\u00e9c\u00e8s du dernier survivant. La valeur locative nette mensuelle du bien est de 1 600 \u20ac. Quelle est la \u00ab&nbsp;juste rente&nbsp;\u00bb, \u00e9quitable \u00e0 la fois pour le cr\u00e9direntier et le d\u00e9birentier ?<\/p>\n\n\n\n<div style=\"height:38px\" aria-hidden=\"true\" class=\"wp-block-spacer\"><\/div>\n\n\n\n<h4 class=\"wp-block-heading has-text-color has-link-color wp-elements-e478b63b5bc2211ef3291229a4cd6862\" style=\"color:#218ecc\">La mauvaise m\u00e9thode de valorisation d&#8217;un viager !<\/h4>\n\n\n\n<div style=\"height:0px\" aria-hidden=\"true\" class=\"wp-block-spacer\"><\/div>\n\n\n\n<div class=\"wp-block-group is-vertical is-layout-flex wp-container-core-group-is-layout-8cf370e7 wp-block-group-is-layout-flex\">\n<p class=\"has-black-color has-text-color has-link-color wp-elements-a2cc0bef1f9e609814aab3bf9bc70d02\" style=\"font-size:14px\">Commen\u00e7ons par une erreur \u00e0 proscrire : la r\u00e8gle de trois. Certains viag\u00e9ristes &#8220;raisonnent&#8221; ainsi. Selon les tables de l&#8217;INSEE, l&#8217;esp\u00e9rance de vie du couple est de 20.5 ans. Net du bouquet, le d\u00e9birentier doit encore 450 000 \u20ac, soit 21 951 \u20ac par an ou 1 829.3 \u20ac par mois. Le d\u00e9birentier versera donc u<strong>ne rente mensuelle de 229.3 \u20ac<\/strong>, puisque le loyer est de 1600 \u20ac.<\/p>\n\n\n\n<div style=\"height:10px\" aria-hidden=\"true\" class=\"wp-block-spacer wp-container-content-728072c3\"><\/div>\n<\/div>\n\n\n\n<div class=\"wp-block-group is-vertical is-content-justification-center is-layout-flex wp-container-core-group-is-layout-4b2eccd6 wp-block-group-is-layout-flex\">\n<p class=\"has-text-align-center has-text-color has-link-color wp-elements-84724a6dc921f0318a14a5627d149f2b\" style=\"color:#218ecc;font-size:16px;font-style:italic;font-weight:600\">Dans cet exemple, d\u00e9birentier et cr\u00e9direntier s&#8217;engagent pour deux d\u00e9cennies.<br> Cela m\u00e9rite une valorisation pr\u00e9cise.<\/p>\n<\/div>\n\n\n\n<div style=\"height:38px\" aria-hidden=\"true\" class=\"wp-block-spacer\"><\/div>\n\n\n\n<div class=\"wp-block-group is-vertical is-layout-flex wp-container-core-group-is-layout-8cf370e7 wp-block-group-is-layout-flex\">\n<div class=\"wp-block-group is-vertical is-layout-flex wp-container-core-group-is-layout-8cf370e7 wp-block-group-is-layout-flex\">\n<div class=\"wp-block-group is-vertical is-layout-flex wp-container-core-group-is-layout-8cf370e7 wp-block-group-is-layout-flex\">\n<div class=\"wp-block-group\"><div class=\"wp-block-group__inner-container is-layout-constrained wp-block-group-is-layout-constrained\">\n<div class=\"wp-block-group\"><div class=\"wp-block-group__inner-container is-layout-constrained wp-block-group-is-layout-constrained\">\n<div class=\"wp-block-group\" style=\"font-size:16px\"><div class=\"wp-block-group__inner-container is-layout-constrained wp-block-group-is-layout-constrained\">\n<div class=\"wp-block-group\" style=\"font-size:14px\"><div class=\"wp-block-group__inner-container is-layout-constrained wp-block-group-is-layout-constrained\">\n<p class=\"has-black-color has-text-color has-link-color wp-elements-8a0a4908a99a9627eaa02c8cdb8b113d\" style=\"font-size:14px\">On n&#8217;obtient ainsi qu&#8217;un simple ordre de grandeur de la rente, pas toujours raisonnable. En effet, cette approche n\u00e9glige certains <a style=\"color:#218ecc\" href=\"https:\/\/viager20.com\/wordpress\/index.php\/la-valorisation-des-viagers\/\">Principes de valorisation<\/a>.<\/p>\n\n\n\n<ul class=\"wp-block-list\">\n<li class=\"has-black-color has-text-color has-link-color wp-elements-def8643d31800d31bf499ea4fae89162\" style=\"font-size:14px\"><strong>Principale erreur<\/strong>, pour une dette remboursable sur 20.5 ans, on ne rembourse pas chaque ann\u00e9e le montant de la dette divis\u00e9 par 20.5, sauf pour un pr\u00eat \u00e0 taux z\u00e9ro. Pour vous en convaincre, tentez donc l\u2019exp\u00e9rience avec votre banquier ! Il vous rappellera que l&#8217;on paie des int\u00e9r\u00eats sur un pr\u00eat.<\/li>\n\n\n\n<li class=\"has-black-color has-text-color has-link-color wp-elements-b60f3cda41cf05ba9ce60bcc083ee8f2\" style=\"font-size:14px\"><strong>La rente est index\u00e9e<\/strong>, implicitement ici sur l\u2019indice de prix \u00e0 la consommation. Ainsi, avec une inflation annuelle de 2 \u00bc %, la rente atteindra 357.8 \u20ac au bout de vingt ans. \u00c0 quel moment&nbsp;ce calcul en a-t-il tenu compte ?<\/li>\n\n\n\n<li class=\"has-black-color has-text-color has-link-color wp-elements-82fa0fb95abba4904d3a4e2a71f8b820\" style=\"font-size:14px\">Que sait-on par ailleurs <span style=\"box-sizing: border-box; margin: 0px; padding: 0px;\">du<\/span>&nbsp;choix<strong> de la table de mortalit\u00e9<\/strong> ? On l&#8217;a vu, il y a table et table. A-t-on retenu la bonne ?<\/li>\n<\/ul>\n<\/div><\/div>\n<\/div><\/div>\n<\/div><\/div>\n<\/div><\/div>\n<\/div>\n<\/div>\n<\/div>\n\n\n\n<p><\/p>\n","protected":false},"excerpt":{"rendered":"<p>On d\u00e9crit la valorisation d&#8217;un viager \u00e0 partir d&#8217;un exemple, d\u00e9taill\u00e9 dans le Manuel d&#8217;Utilisation. Un couple (H : 73 ans, F : 71 ans) vend en viager un bien &#8230;<\/p>\n","protected":false},"author":1,"featured_media":0,"parent":0,"menu_order":0,"comment_status":"closed","ping_status":"closed","template":"template-fullwidth.php","meta":{"footnotes":""},"class_list":["post-1401","page","type-page","status-publish","hentry"],"yoast_head":"<!-- This site is optimized with the Yoast SEO plugin v27.5 - https:\/\/yoast.com\/product\/yoast-seo-wordpress\/ -->\n<title>Un exemple de valorisation d&#039;un viager : la mauvaise m\u00e9thode<\/title>\n<meta name=\"description\" content=\"Cet exemple de valorisation d&#039;un viager sur deux t\u00eates, un homme de 73 ans et une femme de 71 ans, montre une erreur \u00e0 \u00e9viter.\" \/>\n<meta name=\"robots\" content=\"index, follow, max-snippet:-1, max-image-preview:large, max-video-preview:-1\" \/>\n<link rel=\"canonical\" href=\"https:\/\/viager20.com\/index.php\/un-exemple-de-valorisation-de-viager\/\" \/>\n<meta property=\"og:locale\" content=\"fr_FR\" \/>\n<meta property=\"og:type\" content=\"article\" \/>\n<meta property=\"og:title\" content=\"Un exemple de valorisation d&#039;un viager : la mauvaise m\u00e9thode\" \/>\n<meta property=\"og:description\" content=\"Cet exemple de valorisation d&#039;un viager sur deux t\u00eates, un homme de 73 ans et une femme de 71 ans, montre une erreur \u00e0 \u00e9viter.\" \/>\n<meta property=\"og:url\" content=\"https:\/\/viager20.com\/index.php\/un-exemple-de-valorisation-de-viager\/\" \/>\n<meta property=\"og:site_name\" content=\"Viager 2.0\" \/>\n<meta property=\"article:modified_time\" content=\"2025-12-18T15:27:57+00:00\" \/>\n<meta name=\"twitter:card\" content=\"summary_large_image\" \/>\n<meta name=\"twitter:label1\" content=\"Dur\u00e9e de lecture estim\u00e9e\" \/>\n\t<meta name=\"twitter:data1\" content=\"2 minutes\" \/>\n<script type=\"application\/ld+json\" class=\"yoast-schema-graph\">{\"@context\":\"https:\\\/\\\/schema.org\",\"@graph\":[{\"@type\":\"WebPage\",\"@id\":\"https:\\\/\\\/viager20.com\\\/index.php\\\/un-exemple-de-valorisation-de-viager\\\/\",\"url\":\"https:\\\/\\\/viager20.com\\\/index.php\\\/un-exemple-de-valorisation-de-viager\\\/\",\"name\":\"Un exemple de valorisation d'un viager : la mauvaise m\u00e9thode\",\"isPartOf\":{\"@id\":\"https:\\\/\\\/viager20.com\\\/#website\"},\"datePublished\":\"2023-06-09T15:22:15+00:00\",\"dateModified\":\"2025-12-18T15:27:57+00:00\",\"description\":\"Cet exemple de valorisation d'un viager sur deux t\u00eates, un homme de 73 ans et une femme de 71 ans, montre une erreur \u00e0 \u00e9viter.\",\"breadcrumb\":{\"@id\":\"https:\\\/\\\/viager20.com\\\/index.php\\\/un-exemple-de-valorisation-de-viager\\\/#breadcrumb\"},\"inLanguage\":\"fr-FR\",\"potentialAction\":[{\"@type\":\"ReadAction\",\"target\":[\"https:\\\/\\\/viager20.com\\\/index.php\\\/un-exemple-de-valorisation-de-viager\\\/\"]}]},{\"@type\":\"BreadcrumbList\",\"@id\":\"https:\\\/\\\/viager20.com\\\/index.php\\\/un-exemple-de-valorisation-de-viager\\\/#breadcrumb\",\"itemListElement\":[{\"@type\":\"ListItem\",\"position\":1,\"name\":\"Accueil\",\"item\":\"https:\\\/\\\/viager20.com\\\/\"},{\"@type\":\"ListItem\",\"position\":2,\"name\":\"Un exemple\"}]},{\"@type\":\"WebSite\",\"@id\":\"https:\\\/\\\/viager20.com\\\/#website\",\"url\":\"https:\\\/\\\/viager20.com\\\/\",\"name\":\"Viager 2.0\",\"description\":\"Le viager (plus) facile !\",\"publisher\":{\"@id\":\"https:\\\/\\\/viager20.com\\\/#organization\"},\"potentialAction\":[{\"@type\":\"SearchAction\",\"target\":{\"@type\":\"EntryPoint\",\"urlTemplate\":\"https:\\\/\\\/viager20.com\\\/?s={search_term_string}\"},\"query-input\":{\"@type\":\"PropertyValueSpecification\",\"valueRequired\":true,\"valueName\":\"search_term_string\"}}],\"inLanguage\":\"fr-FR\"},{\"@type\":\"Organization\",\"@id\":\"https:\\\/\\\/viager20.com\\\/#organization\",\"name\":\"Viager 2.0\",\"url\":\"https:\\\/\\\/viager20.com\\\/\",\"logo\":{\"@type\":\"ImageObject\",\"inLanguage\":\"fr-FR\",\"@id\":\"https:\\\/\\\/viager20.com\\\/#\\\/schema\\\/logo\\\/image\\\/\",\"url\":\"https:\\\/\\\/viager20.com\\\/wordpress\\\/wp-content\\\/uploads\\\/2024\\\/11\\\/LogoViager20a.jpg\",\"contentUrl\":\"https:\\\/\\\/viager20.com\\\/wordpress\\\/wp-content\\\/uploads\\\/2024\\\/11\\\/LogoViager20a.jpg\",\"width\":972,\"height\":302,\"caption\":\"Viager 2.0\"},\"image\":{\"@id\":\"https:\\\/\\\/viager20.com\\\/#\\\/schema\\\/logo\\\/image\\\/\"}}]}<\/script>\n<!-- \/ Yoast SEO plugin. -->","yoast_head_json":{"title":"Un exemple de valorisation d'un viager : la mauvaise m\u00e9thode","description":"Cet exemple de valorisation d'un viager sur deux t\u00eates, un homme de 73 ans et une femme de 71 ans, montre une erreur \u00e0 \u00e9viter.","robots":{"index":"index","follow":"follow","max-snippet":"max-snippet:-1","max-image-preview":"max-image-preview:large","max-video-preview":"max-video-preview:-1"},"canonical":"https:\/\/viager20.com\/index.php\/un-exemple-de-valorisation-de-viager\/","og_locale":"fr_FR","og_type":"article","og_title":"Un exemple de valorisation d'un viager : la mauvaise m\u00e9thode","og_description":"Cet exemple de valorisation d'un viager sur deux t\u00eates, un homme de 73 ans et une femme de 71 ans, montre une erreur \u00e0 \u00e9viter.","og_url":"https:\/\/viager20.com\/index.php\/un-exemple-de-valorisation-de-viager\/","og_site_name":"Viager 2.0","article_modified_time":"2025-12-18T15:27:57+00:00","twitter_card":"summary_large_image","twitter_misc":{"Dur\u00e9e de lecture estim\u00e9e":"2 minutes"},"schema":{"@context":"https:\/\/schema.org","@graph":[{"@type":"WebPage","@id":"https:\/\/viager20.com\/index.php\/un-exemple-de-valorisation-de-viager\/","url":"https:\/\/viager20.com\/index.php\/un-exemple-de-valorisation-de-viager\/","name":"Un exemple de valorisation d'un viager : la mauvaise m\u00e9thode","isPartOf":{"@id":"https:\/\/viager20.com\/#website"},"datePublished":"2023-06-09T15:22:15+00:00","dateModified":"2025-12-18T15:27:57+00:00","description":"Cet exemple de valorisation d'un viager sur deux t\u00eates, un homme de 73 ans et une femme de 71 ans, montre une erreur \u00e0 \u00e9viter.","breadcrumb":{"@id":"https:\/\/viager20.com\/index.php\/un-exemple-de-valorisation-de-viager\/#breadcrumb"},"inLanguage":"fr-FR","potentialAction":[{"@type":"ReadAction","target":["https:\/\/viager20.com\/index.php\/un-exemple-de-valorisation-de-viager\/"]}]},{"@type":"BreadcrumbList","@id":"https:\/\/viager20.com\/index.php\/un-exemple-de-valorisation-de-viager\/#breadcrumb","itemListElement":[{"@type":"ListItem","position":1,"name":"Accueil","item":"https:\/\/viager20.com\/"},{"@type":"ListItem","position":2,"name":"Un exemple"}]},{"@type":"WebSite","@id":"https:\/\/viager20.com\/#website","url":"https:\/\/viager20.com\/","name":"Viager 2.0","description":"Le viager (plus) facile !","publisher":{"@id":"https:\/\/viager20.com\/#organization"},"potentialAction":[{"@type":"SearchAction","target":{"@type":"EntryPoint","urlTemplate":"https:\/\/viager20.com\/?s={search_term_string}"},"query-input":{"@type":"PropertyValueSpecification","valueRequired":true,"valueName":"search_term_string"}}],"inLanguage":"fr-FR"},{"@type":"Organization","@id":"https:\/\/viager20.com\/#organization","name":"Viager 2.0","url":"https:\/\/viager20.com\/","logo":{"@type":"ImageObject","inLanguage":"fr-FR","@id":"https:\/\/viager20.com\/#\/schema\/logo\/image\/","url":"https:\/\/viager20.com\/wordpress\/wp-content\/uploads\/2024\/11\/LogoViager20a.jpg","contentUrl":"https:\/\/viager20.com\/wordpress\/wp-content\/uploads\/2024\/11\/LogoViager20a.jpg","width":972,"height":302,"caption":"Viager 2.0"},"image":{"@id":"https:\/\/viager20.com\/#\/schema\/logo\/image\/"}}]}},"_links":{"self":[{"href":"https:\/\/viager20.com\/index.php\/wp-json\/wp\/v2\/pages\/1401","targetHints":{"allow":["GET"]}}],"collection":[{"href":"https:\/\/viager20.com\/index.php\/wp-json\/wp\/v2\/pages"}],"about":[{"href":"https:\/\/viager20.com\/index.php\/wp-json\/wp\/v2\/types\/page"}],"author":[{"embeddable":true,"href":"https:\/\/viager20.com\/index.php\/wp-json\/wp\/v2\/users\/1"}],"replies":[{"embeddable":true,"href":"https:\/\/viager20.com\/index.php\/wp-json\/wp\/v2\/comments?post=1401"}],"version-history":[{"count":77,"href":"https:\/\/viager20.com\/index.php\/wp-json\/wp\/v2\/pages\/1401\/revisions"}],"predecessor-version":[{"id":3819,"href":"https:\/\/viager20.com\/index.php\/wp-json\/wp\/v2\/pages\/1401\/revisions\/3819"}],"wp:attachment":[{"href":"https:\/\/viager20.com\/index.php\/wp-json\/wp\/v2\/media?parent=1401"}],"curies":[{"name":"wp","href":"https:\/\/api.w.org\/{rel}","templated":true}]}}