{"id":1548,"date":"2024-04-29T10:35:13","date_gmt":"2024-04-29T10:35:13","guid":{"rendered":"https:\/\/viager20.com\/wordpress\/?page_id=1548"},"modified":"2025-12-18T16:24:00","modified_gmt":"2025-12-18T14:24:00","slug":"valeur-locative-et-usufruit","status":"publish","type":"page","link":"https:\/\/viager20.com\/index.php\/valeur-locative-et-usufruit\/","title":{"rendered":"Valeur locative et usufruit"},"content":{"rendered":"\n<h3 class=\"wp-block-heading has-text-color has-background has-link-color wp-elements-8bd34015a10046285de855e5f0e5860a\" style=\"color:#218ecc;background-color:#cecece;font-size:20px;font-style:italic;font-weight:600\">Principe IV : La valeur de l&#8217;usufruit d\u00e9pend aussi de la valeur locative du bien.<\/h3>\n\n\n\n<p class=\"has-black-color has-text-color has-link-color wp-elements-5256c2461b618a0439aa522d6ad82075\" style=\"font-size:14px\">Erreur courante, certains estiment la valeur de l&#8217;usufruit en se fondant sur le bar\u00e8me fiscal de l&#8217;article 669 du Code g\u00e9n\u00e9ral des imp\u00f4ts. En fait, celui-ci s&#8217;applique uniquement \u00ab pour la liquidation des droits d&#8217;enregistrement et de la taxe de publicit\u00e9 fonci\u00e8re \u00bb. <strong>Ce bar\u00e8me ne refl\u00e8te pas la valeur \u00e9conomique r\u00e9elle de l&#8217;usufruit, mais constitue une \u00e9valuation conventionnelle \u00e0 des fins fiscales.<\/strong><\/p>\n\n\n\n<p class=\"has-black-color has-text-color has-link-color wp-elements-3e270ed452537eb06fdb6fee6f78a79c\" style=\"font-size:14px\">La valeur de l&#8217;usufruit d\u00e9pend en r\u00e9alit\u00e9 de la rentabilit\u00e9 locative du bien. Sur le plan \u00e9conomique, l&#8217;usufruitier r\u00e9alise une \u00e9conomie \u00e9quivalente au loyer, tandis que le nu-propri\u00e9taire subit une perte de revenus locatifs. Ainsi, <strong>la rentabilit\u00e9 locative du bien d\u00e9termine la valeur de l&#8217;usufruit<\/strong>, comme la somme (actualis\u00e9e probable) des loyers futurs.<\/p>\n\n\n\n<div class=\"wp-block-media-text is-stacked-on-mobile\" style=\"grid-template-columns:60% auto\"><figure class=\"wp-block-media-text__media\"><img decoding=\"async\" width=\"1024\" height=\"749\" src=\"https:\/\/viager20.com\/wordpress\/wp-content\/uploads\/2025\/01\/map_loyers-1024x749.jpg\" alt=\"\" class=\"wp-image-2672 size-full\" srcset=\"https:\/\/viager20.com\/wordpress\/wp-content\/uploads\/2025\/01\/map_loyers-1024x749.jpg 1024w, https:\/\/viager20.com\/wordpress\/wp-content\/uploads\/2025\/01\/map_loyers-300x219.jpg 300w, https:\/\/viager20.com\/wordpress\/wp-content\/uploads\/2025\/01\/map_loyers-768x562.jpg 768w, https:\/\/viager20.com\/wordpress\/wp-content\/uploads\/2025\/01\/map_loyers.jpg 1263w\" sizes=\"(max-width: 1024px) 100vw, 1024px\" \/><\/figure><div class=\"wp-block-media-text__content\">\n<p class=\"has-black-color has-text-color has-link-color wp-elements-1d2090675554caa9d39f99d49781ce5c\"><strong>Mais les loyers et la rentabilit\u00e9 locative sont tr\u00e8s variables.<\/strong><\/p>\n\n\n\n<p class=\"has-black-color has-text-color has-link-color wp-elements-d8c71c399d4fec1ea8e2e9c651745220\" style=\"font-size:14px\">Pour estimer la valeur locative d&#8217;un bien non lou\u00e9, il faudra trouver des biens lou\u00e9s comparables.<\/p>\n\n\n\n<p class=\"has-black-color has-text-color has-link-color wp-elements-0e251e12302c341d0f4e8b57f13fb95b\" style=\"font-size:14px\">Les rendements locatifs fluctuent en fonction des p\u00e9riodes, de la demande sur le march\u00e9 locatif local et du type de bien.<\/p>\n\n\n\n<p class=\"has-black-color has-text-color has-link-color wp-elements-744736738d7b28f5d9c16edd6fd563ae\">Il est possible de faire appel \u00e0 un agent immobilier et de consulter des magazines sp\u00e9cialis\u00e9s ainsi qu\u2019un <a style=\"color:#218ecc\" href=\"\nhttps:\/\/www.ecologie.gouv.fr\/politiques-publiques\/carte-loyers\n\">site officiel<\/a> d\u00e9di\u00e9 \u00e0 l\u2019observation des loyers.<\/p>\n<\/div><\/div>\n\n\n\n<p class=\"has-black-color has-text-color has-link-color wp-elements-ec7552361da317599d3ce1ce0f2081c1\" style=\"font-size:14px\">L&#8217;usufruit modifie aussi la r\u00e9partition des charges locatives et d&#8217;autres d\u00e9penses, telles que l&#8217;entretien, les assurances et les taxes. En effet, un usufruitier a l\u00e9galement davantage d&#8217;obligations qu&#8217;un locataire. Il s&#8217;acquitte par exemple des frais d&#8217;un ravalement.<\/p>\n\n\n\n<p class=\"has-black-color has-text-color has-link-color wp-elements-7d169faedf572000d4f511165e181572\" style=\"font-size:14px\"><strong>Viager 2.0 <\/strong>ne fait pas de distinction entre usufruit et Droit d&#8217;Usage et d&#8217;Habitation (DUH). La valeur du DUH d\u00e9pend notamment de la pr\u00e9sence ou non d&#8217;une clause de majoration de rente en cas d&#8217;abandon de jouissance \u00e0 l&#8217;initiative du cr\u00e9direntier. En l&#8217;absence de cette clause, le DUH favorise le d\u00e9birentie. Avec elle, le DUH devient une option avantageuse pour le cr\u00e9direntier. Ainsi, lors de l&#8217;achat viager,<strong>la n\u00e9gociation doit tenir compte de ces sp\u00e9cificit\u00e9s juridiques<\/strong>.<\/p>\n\n\n\n<div style=\"height:20px\" aria-hidden=\"true\" class=\"wp-block-spacer\"><\/div>\n\n\n\n<p class=\"has-text-align-center has-text-color has-background has-link-color wp-elements-7afddcedf2d54c2a223bc74dbf5b7727\" style=\"color:#218ecc;background-color:#cecece;font-size:16px;font-style:italic;font-weight:600\"><strong>La valeur d&#8217;un usufruit d\u00e9pend du revenu locatif du bien et de la r\u00e9partition des charges entre usufruitier et nu-propri\u00e9taire. <\/strong><\/p>\n\n\n\n<p><\/p>\n","protected":false},"excerpt":{"rendered":"<p>Principe IV : La valeur de l&#8217;usufruit d\u00e9pend aussi de la valeur locative du bien. Erreur courante, certains estiment la valeur de l&#8217;usufruit en se fondant sur le bar\u00e8me fiscal &#8230;<\/p>\n","protected":false},"author":1,"featured_media":0,"parent":0,"menu_order":0,"comment_status":"closed","ping_status":"closed","template":"template-fullwidth.php","meta":{"footnotes":""},"class_list":["post-1548","page","type-page","status-publish","hentry"],"yoast_head":"<!-- This site is optimized with the Yoast SEO plugin v27.5 - https:\/\/yoast.com\/product\/yoast-seo-wordpress\/ -->\n<title>usufruit rentabilit\u00e9 locative<\/title>\n<meta name=\"description\" content=\"Outre l&#039;esp\u00e9rance de vie du cr\u00e9direntier et les taux d&#039;int\u00e9r\u00eat, la valeur d&#039;un usufruit d\u00e9pend de la rentabilit\u00e9 locative du bien.\" \/>\n<meta name=\"robots\" content=\"index, follow, max-snippet:-1, max-image-preview:large, max-video-preview:-1\" \/>\n<link rel=\"canonical\" href=\"https:\/\/viager20.com\/index.php\/valeur-locative-et-usufruit\/\" \/>\n<meta property=\"og:locale\" content=\"fr_FR\" \/>\n<meta property=\"og:type\" content=\"article\" \/>\n<meta property=\"og:title\" content=\"usufruit rentabilit\u00e9 locative\" \/>\n<meta property=\"og:description\" content=\"Outre l&#039;esp\u00e9rance de vie du cr\u00e9direntier et les taux d&#039;int\u00e9r\u00eat, la valeur d&#039;un usufruit d\u00e9pend de la rentabilit\u00e9 locative du bien.\" \/>\n<meta property=\"og:url\" content=\"https:\/\/viager20.com\/index.php\/valeur-locative-et-usufruit\/\" \/>\n<meta property=\"og:site_name\" content=\"Viager 2.0\" \/>\n<meta property=\"article:modified_time\" content=\"2025-12-18T14:24:00+00:00\" \/>\n<meta property=\"og:image\" content=\"https:\/\/viager20.com\/wordpress\/wp-content\/uploads\/2025\/01\/map_loyers.jpg\" \/>\n\t<meta property=\"og:image:width\" content=\"1263\" \/>\n\t<meta property=\"og:image:height\" content=\"924\" \/>\n\t<meta property=\"og:image:type\" content=\"image\/jpeg\" \/>\n<meta name=\"twitter:card\" content=\"summary_large_image\" \/>\n<meta name=\"twitter:label1\" content=\"Dur\u00e9e de lecture estim\u00e9e\" \/>\n\t<meta name=\"twitter:data1\" content=\"2 minutes\" \/>\n<script type=\"application\/ld+json\" class=\"yoast-schema-graph\">{\"@context\":\"https:\\\/\\\/schema.org\",\"@graph\":[{\"@type\":\"WebPage\",\"@id\":\"https:\\\/\\\/viager20.com\\\/index.php\\\/valeur-locative-et-usufruit\\\/\",\"url\":\"https:\\\/\\\/viager20.com\\\/index.php\\\/valeur-locative-et-usufruit\\\/\",\"name\":\"usufruit rentabilit\u00e9 locative\",\"isPartOf\":{\"@id\":\"https:\\\/\\\/viager20.com\\\/#website\"},\"primaryImageOfPage\":{\"@id\":\"https:\\\/\\\/viager20.com\\\/index.php\\\/valeur-locative-et-usufruit\\\/#primaryimage\"},\"image\":{\"@id\":\"https:\\\/\\\/viager20.com\\\/index.php\\\/valeur-locative-et-usufruit\\\/#primaryimage\"},\"thumbnailUrl\":\"https:\\\/\\\/viager20.com\\\/wordpress\\\/wp-content\\\/uploads\\\/2025\\\/01\\\/map_loyers-1024x749.jpg\",\"datePublished\":\"2024-04-29T10:35:13+00:00\",\"dateModified\":\"2025-12-18T14:24:00+00:00\",\"description\":\"Outre l'esp\u00e9rance de vie du cr\u00e9direntier et les taux d'int\u00e9r\u00eat, la valeur d'un usufruit d\u00e9pend de la rentabilit\u00e9 locative du bien.\",\"breadcrumb\":{\"@id\":\"https:\\\/\\\/viager20.com\\\/index.php\\\/valeur-locative-et-usufruit\\\/#breadcrumb\"},\"inLanguage\":\"fr-FR\",\"potentialAction\":[{\"@type\":\"ReadAction\",\"target\":[\"https:\\\/\\\/viager20.com\\\/index.php\\\/valeur-locative-et-usufruit\\\/\"]}]},{\"@type\":\"ImageObject\",\"inLanguage\":\"fr-FR\",\"@id\":\"https:\\\/\\\/viager20.com\\\/index.php\\\/valeur-locative-et-usufruit\\\/#primaryimage\",\"url\":\"https:\\\/\\\/viager20.com\\\/wordpress\\\/wp-content\\\/uploads\\\/2025\\\/01\\\/map_loyers.jpg\",\"contentUrl\":\"https:\\\/\\\/viager20.com\\\/wordpress\\\/wp-content\\\/uploads\\\/2025\\\/01\\\/map_loyers.jpg\",\"width\":1263,\"height\":924,\"caption\":\"Les loyers sont \u00e9lev\u00e9s en R\u00e9gion parisienne et bord de mer.\"},{\"@type\":\"BreadcrumbList\",\"@id\":\"https:\\\/\\\/viager20.com\\\/index.php\\\/valeur-locative-et-usufruit\\\/#breadcrumb\",\"itemListElement\":[{\"@type\":\"ListItem\",\"position\":1,\"name\":\"Accueil\",\"item\":\"https:\\\/\\\/viager20.com\\\/\"},{\"@type\":\"ListItem\",\"position\":2,\"name\":\"Valeur locative et usufruit\"}]},{\"@type\":\"WebSite\",\"@id\":\"https:\\\/\\\/viager20.com\\\/#website\",\"url\":\"https:\\\/\\\/viager20.com\\\/\",\"name\":\"Viager 2.0\",\"description\":\"Le viager (plus) facile !\",\"publisher\":{\"@id\":\"https:\\\/\\\/viager20.com\\\/#organization\"},\"potentialAction\":[{\"@type\":\"SearchAction\",\"target\":{\"@type\":\"EntryPoint\",\"urlTemplate\":\"https:\\\/\\\/viager20.com\\\/?s={search_term_string}\"},\"query-input\":{\"@type\":\"PropertyValueSpecification\",\"valueRequired\":true,\"valueName\":\"search_term_string\"}}],\"inLanguage\":\"fr-FR\"},{\"@type\":\"Organization\",\"@id\":\"https:\\\/\\\/viager20.com\\\/#organization\",\"name\":\"Viager 2.0\",\"url\":\"https:\\\/\\\/viager20.com\\\/\",\"logo\":{\"@type\":\"ImageObject\",\"inLanguage\":\"fr-FR\",\"@id\":\"https:\\\/\\\/viager20.com\\\/#\\\/schema\\\/logo\\\/image\\\/\",\"url\":\"https:\\\/\\\/viager20.com\\\/wordpress\\\/wp-content\\\/uploads\\\/2024\\\/11\\\/LogoViager20a.jpg\",\"contentUrl\":\"https:\\\/\\\/viager20.com\\\/wordpress\\\/wp-content\\\/uploads\\\/2024\\\/11\\\/LogoViager20a.jpg\",\"width\":972,\"height\":302,\"caption\":\"Viager 2.0\"},\"image\":{\"@id\":\"https:\\\/\\\/viager20.com\\\/#\\\/schema\\\/logo\\\/image\\\/\"}}]}<\/script>\n<!-- \/ Yoast SEO plugin. -->","yoast_head_json":{"title":"usufruit rentabilit\u00e9 locative","description":"Outre l'esp\u00e9rance de vie du cr\u00e9direntier et les taux d'int\u00e9r\u00eat, la valeur d'un usufruit d\u00e9pend de la rentabilit\u00e9 locative du bien.","robots":{"index":"index","follow":"follow","max-snippet":"max-snippet:-1","max-image-preview":"max-image-preview:large","max-video-preview":"max-video-preview:-1"},"canonical":"https:\/\/viager20.com\/index.php\/valeur-locative-et-usufruit\/","og_locale":"fr_FR","og_type":"article","og_title":"usufruit rentabilit\u00e9 locative","og_description":"Outre l'esp\u00e9rance de vie du cr\u00e9direntier et les taux d'int\u00e9r\u00eat, la valeur d'un usufruit d\u00e9pend de la rentabilit\u00e9 locative du bien.","og_url":"https:\/\/viager20.com\/index.php\/valeur-locative-et-usufruit\/","og_site_name":"Viager 2.0","article_modified_time":"2025-12-18T14:24:00+00:00","og_image":[{"width":1263,"height":924,"url":"https:\/\/viager20.com\/wordpress\/wp-content\/uploads\/2025\/01\/map_loyers.jpg","type":"image\/jpeg"}],"twitter_card":"summary_large_image","twitter_misc":{"Dur\u00e9e de lecture estim\u00e9e":"2 minutes"},"schema":{"@context":"https:\/\/schema.org","@graph":[{"@type":"WebPage","@id":"https:\/\/viager20.com\/index.php\/valeur-locative-et-usufruit\/","url":"https:\/\/viager20.com\/index.php\/valeur-locative-et-usufruit\/","name":"usufruit rentabilit\u00e9 locative","isPartOf":{"@id":"https:\/\/viager20.com\/#website"},"primaryImageOfPage":{"@id":"https:\/\/viager20.com\/index.php\/valeur-locative-et-usufruit\/#primaryimage"},"image":{"@id":"https:\/\/viager20.com\/index.php\/valeur-locative-et-usufruit\/#primaryimage"},"thumbnailUrl":"https:\/\/viager20.com\/wordpress\/wp-content\/uploads\/2025\/01\/map_loyers-1024x749.jpg","datePublished":"2024-04-29T10:35:13+00:00","dateModified":"2025-12-18T14:24:00+00:00","description":"Outre l'esp\u00e9rance de vie du cr\u00e9direntier et les taux d'int\u00e9r\u00eat, la valeur d'un usufruit d\u00e9pend de la rentabilit\u00e9 locative du bien.","breadcrumb":{"@id":"https:\/\/viager20.com\/index.php\/valeur-locative-et-usufruit\/#breadcrumb"},"inLanguage":"fr-FR","potentialAction":[{"@type":"ReadAction","target":["https:\/\/viager20.com\/index.php\/valeur-locative-et-usufruit\/"]}]},{"@type":"ImageObject","inLanguage":"fr-FR","@id":"https:\/\/viager20.com\/index.php\/valeur-locative-et-usufruit\/#primaryimage","url":"https:\/\/viager20.com\/wordpress\/wp-content\/uploads\/2025\/01\/map_loyers.jpg","contentUrl":"https:\/\/viager20.com\/wordpress\/wp-content\/uploads\/2025\/01\/map_loyers.jpg","width":1263,"height":924,"caption":"Les loyers sont \u00e9lev\u00e9s en R\u00e9gion parisienne et bord de mer."},{"@type":"BreadcrumbList","@id":"https:\/\/viager20.com\/index.php\/valeur-locative-et-usufruit\/#breadcrumb","itemListElement":[{"@type":"ListItem","position":1,"name":"Accueil","item":"https:\/\/viager20.com\/"},{"@type":"ListItem","position":2,"name":"Valeur locative et usufruit"}]},{"@type":"WebSite","@id":"https:\/\/viager20.com\/#website","url":"https:\/\/viager20.com\/","name":"Viager 2.0","description":"Le viager (plus) facile !","publisher":{"@id":"https:\/\/viager20.com\/#organization"},"potentialAction":[{"@type":"SearchAction","target":{"@type":"EntryPoint","urlTemplate":"https:\/\/viager20.com\/?s={search_term_string}"},"query-input":{"@type":"PropertyValueSpecification","valueRequired":true,"valueName":"search_term_string"}}],"inLanguage":"fr-FR"},{"@type":"Organization","@id":"https:\/\/viager20.com\/#organization","name":"Viager 2.0","url":"https:\/\/viager20.com\/","logo":{"@type":"ImageObject","inLanguage":"fr-FR","@id":"https:\/\/viager20.com\/#\/schema\/logo\/image\/","url":"https:\/\/viager20.com\/wordpress\/wp-content\/uploads\/2024\/11\/LogoViager20a.jpg","contentUrl":"https:\/\/viager20.com\/wordpress\/wp-content\/uploads\/2024\/11\/LogoViager20a.jpg","width":972,"height":302,"caption":"Viager 2.0"},"image":{"@id":"https:\/\/viager20.com\/#\/schema\/logo\/image\/"}}]}},"_links":{"self":[{"href":"https:\/\/viager20.com\/index.php\/wp-json\/wp\/v2\/pages\/1548","targetHints":{"allow":["GET"]}}],"collection":[{"href":"https:\/\/viager20.com\/index.php\/wp-json\/wp\/v2\/pages"}],"about":[{"href":"https:\/\/viager20.com\/index.php\/wp-json\/wp\/v2\/types\/page"}],"author":[{"embeddable":true,"href":"https:\/\/viager20.com\/index.php\/wp-json\/wp\/v2\/users\/1"}],"replies":[{"embeddable":true,"href":"https:\/\/viager20.com\/index.php\/wp-json\/wp\/v2\/comments?post=1548"}],"version-history":[{"count":39,"href":"https:\/\/viager20.com\/index.php\/wp-json\/wp\/v2\/pages\/1548\/revisions"}],"predecessor-version":[{"id":3805,"href":"https:\/\/viager20.com\/index.php\/wp-json\/wp\/v2\/pages\/1548\/revisions\/3805"}],"wp:attachment":[{"href":"https:\/\/viager20.com\/index.php\/wp-json\/wp\/v2\/media?parent=1548"}],"curies":[{"name":"wp","href":"https:\/\/api.w.org\/{rel}","templated":true}]}}